e?
False
Let b = 7 + -5. Let j be b/4*(-1 + 1). Suppose 5*l - 4*l - 49 = j. Is l composite?
True
Let u = 8 + -1. Suppose -3*r + 19 = m - 20, 0 = -4*r + 2*m + 62. Let y = u + r. Is y a composite number?
True
Let o = 11 - 8. Suppose 3*b - 3 = -2*a, b + 3 = 5*b + o*a. Suppose -4*c - 159 = -w, -2*c + 689 - 198 = b*w. Is w composite?
False
Let k = -22 - -29. Suppose -9*i = -k*i - 1834. Is i composite?
True
Let j = 4 - 2. Let a(r) = 110*r - 2. Let h be a(2). Suppose 4*k = j*k + h. Is k prime?
True
Let z(a) = a - 7. Let w be z(8). Let h(v) = -503*v**2 + 9*v + 9. Let n(i) = 251*i**2 - 4*i - 4. Let f(l) = 4*h(l) + 9*n(l). Is f(w) a prime number?
False
Suppose 4*l - 6075 = -5*c, -2*l + 2442 = 2*c + 2*l. Is c a composite number?
True
Let c(r) be the second derivative of -r**4/6 - r**3/2 - r**2/2 - r. Let z(p) be the first derivative of c(p). Is z(-6) a prime number?
False
Suppose 2*i + 5*v = 1858, 8*i - 9*i + 4*v = -929. Is i a prime number?
True
Let o(g) = 5*g**2 + 3*g. Let i be o(3). Suppose -i = -5*l + 281. Is l prime?
True
Suppose -4*f = 4*h + 268, 2*h + 55 = h - 5*f. Suppose -163 + 38 = -m. Let n = m + h. Is n composite?
True
Let b(w) be the first derivative of -13*w**5/60 - w**4/24 + w**3/3 + 1. Let d(j) be the third derivative of b(j). Is d(-3) a composite number?
True
Let g = 3667 - 1586. Is g composite?
False
Suppose 0 = -3*n + 3*w + 246, 4*n - 255 = -w + 58. Is n prime?
True
Suppose -4*j + 2*f + 534 = -0*j, -2*j + 257 = f. Is j prime?
True
Suppose -l = -f - 0*f + 5, 15 = -4*l + 3*f. Suppose l = -4*k + 4*i + 2104, k + 2*i - 532 = 6*i. Suppose 0*u + k = 4*u. Is u a prime number?
True
Is -3*(8665/(-15))/((-1)/(-1)) a composite number?
False
Let h be 144/30 + (-2)/(-10). Suppose 4*o = -i + 30, -4*o + 25 = 5*i - 9*o. Let p = h + i. Is p composite?
True
Let w be -1 - -7 - (3 + -2). Let i be 10/3 + 2/3. Suppose i*m = 2*r + 68 - 182, -5*r + w*m = -305. Is r a composite number?
True
Let z be (-10)/(-3)*9/6. Suppose 85 = z*m + 15. Is m composite?
True
Let l = 11 - 15. Is (l/(-6))/((-2)/(-273)) a composite number?
True
Is -4 - (0 + 4 - (-6 + 4783)) composite?
True
Suppose l = -2*k + 1516, 3*l - 1954 = 3*k + 2621. Is l composite?
True
Let u = -108 - -439. Is u a prime number?
True
Suppose 5*u + 83 = -g, -6*u - 525 = 5*g - 3*u. Let c = 76 + g. Let w = -22 - c. Is w composite?
True
Suppose 0*n = 5*n - 10. Suppose n*o + o - 93 = 0. Is o composite?
False
Let s = -230 - -327. Is s prime?
True
Suppose -12 = m + 3*p, 5*m + 0*m = -3*p. Suppose m*h = -202 + 763. Is h a prime number?
False
Suppose -5*b + 172 = 5*p - 3*b, -5*p = b - 171. Is p a prime number?
False
Suppose -2*j + 99 = 2487. Is 4/(-14) - j/14 composite?
True
Suppose 0 = -5*u - 7*u + 31596. Is u composite?
False
Let c(w) = 2 - w**2 + 13*w + 5 - w. Let q(b) = b**2 - 11*b - 7. Let t(m) = 6*c(m) + 7*q(m). Is t(7) a composite number?
False
Suppose -q + 2 = -0*q. Suppose s = -4*s. Suppose 5*i + 0*u + u = 31, -4*i - q*u + 26 = s. Is i a composite number?
True
Suppose -5*g = -g. Let v be 63 + (1 - (0 - g)). Suppose 3*n + 3*x = 153, -3*n - x + 81 = -v. Is n prime?
True
Suppose -13 = -4*l - y, -2 = -l - 0*l + y. Let v be ((-2)/(-1) - l) + -33. Let b = v + 47. Is b a composite number?
False
Let t = 690 - 491. Is t prime?
True
Let s(k) = 3*k**3 + 4*k**2 + 2*k - 2. Let b(q) = 4*q**3 + 5*q**2 + q - 3. Let v(u) = -2*b(u) + 3*s(u). Is v(3) prime?
False
Let r = 1 - 6. Let p be (-9)/(r - -2) + 53. Suppose a - p = 3*f, -178 = -5*a - 3*f + 120. Is a prime?
True
Let o = -57 - -80. Suppose -2*w + o = -w. Is w a prime number?
True
Is 936/8 + -2*2 a composite number?
False
Let v(c) = c**3 - c + 263. Suppose 2*w - 3*w = -3, -6 = 5*q - 2*w. Let h be v(q). Let b = h - 130. Is b composite?
True
Suppose -4*w + 1028 = -2*a - 0*a, -514 = -2*w - a. Is w a composite number?
False
Let p = 1158 + -407. Is p prime?
True
Let b(y) = -4*y + 6. Let v be b(4). Let r = -7 - v. Suppose j = -1, -2*j + 43 = r*h + 2*h. Is h composite?
True
Is (2 - 60)*25/(-10) a composite number?
True
Let s be (1 + -62)/(5/(-10)). Suppose -3*q = 3*n - 642, 4*n + s = q - 67. Is q prime?
False
Suppose -3*u - 12 = 0, -3*u - u = -2*w + 200. Let a = -1 + w. Is a prime?
False
Let n(v) = 2*v**3 - 3*v**2 + 6*v - 10. Is n(7) a prime number?
True
Let h(b) = 59*b**2 - 10*b**2 + 32*b**2 - 4 + 0. Let q be h(-3). Suppose -3*r - 2*r + q = 0. Is r a composite number?
True
Let i = 270 + -157. Is i prime?
True
Let q(d) be the first derivative of 3*d**2/2 + 7*d - 1. Is q(8) a prime number?
True
Let u = 4249 - 2176. Is u prime?
False
Let s(f) = f**2 - 2*f. Let g be s(2). Let c be ((-2)/(16/612))/((-3)/6). Suppose g = u + 4, c = q - 0*u - u. Is q a composite number?
False
Let o(j) = 8*j**2 + 4*j - 13. Suppose -x = 3*x + 24. Is o(x) a prime number?
True
Let u = -2 - -6. Suppose 6 = u*o + 26, 3*c - 5*o = 22. Is ((-90)/(-12))/(c/(-2)) composite?
True
Let u(s) = -s**2 - 4*s + 7. Let f(g) = -1. Let y(c) = 2*f(c) + u(c). Let z be y(4). Let l = z - -52. Is l prime?
False
Let a = 795 - 398. Is a a composite number?
False
Suppose 6 = -3*i - 0*q - 4*q, -2*i - 3*q = 5. Suppose i*d + 61 = 203. Is d composite?
False
Let c(s) = 10*s**2 - 1. Let x be c(-1). Is (-4)/18 + 857/x a prime number?
False
Suppose -3*l + 144 + 431 = a, -l = -2*a - 187. Is l composite?
False
Suppose 0 = h + 3*n - 4 - 3, -5*h - n = -49. Suppose -5*s = -3*r - 380, -4*s - 5*r + 291 = -h*r. Is s a prime number?
True
Let i = -5 + 13. Let p be 68/i - (-2)/4. Suppose p*o - 4*o = 65. Is o composite?
False
Let p = 7358 + -4135. Is p composite?
True
Let j = -750 + 1487. Suppose -5*g + f = -922, g = 5*g - f - j. Is g a composite number?
True
Is (3 + 30/(-9))*-879 prime?
True
Let n = 58 - 34. Suppose n = 7*y - 3*y. Let q = 4 + y. Is q a composite number?
True
Suppose 2*c = 3*c - 4. Suppose -5*o + 56 = -2*g, -c*g = -4*o + 22 + 18. Let h = o - -14. Is h prime?
False
Let s be 0 - -1 - 2 - 0. Is -2*s*237/6 prime?
True
Suppose 12 = 5*r + b + b, -9 = -5*r + b. Suppose -5*v = -r*n + 15, 5*v - 3 - 22 = -2*n. Is (-2)/(8/n)*-14 a composite number?
True
Suppose 0 = g - 2*j + 6*j + 6, 5*g = -j + 65. Suppose 0 = -2*l + 4*s + 114, 3*l - s - 162 = g. Is l composite?
False
Let a(i) = 285*i**2 + 4. Is a(-3) a composite number?
True
Let f = -452 - -749. Suppose -2*m + z = -f, -6*z + 3 = -3*z. Is m a prime number?
True
Let w be -1 + 0 + -1*21. Is (w/(-8))/(7/56) prime?
False
Suppose -3784 = -4*s - 4*k - 320, -2*s = -4*k - 1750. Is s a prime number?
False
Let x(r) = 7*r**2 - 5*r + 11. Is x(8) a prime number?
True
Let k be (608/(-24))/(2/(-9)). Let y = k - 67. Is y composite?
False
Is 3/(-8) + 197552/128 prime?
True
Let d be ((-6)/5)/((-6)/(-15)). Let q = 30 - d. Is q composite?
True
Let p(o) = o - 4. Let i be p(8). Suppose -5*v = x - 820, -i*v + 3*x = -2*x - 656. Suppose -199 = -3*z + v. Is z a prime number?
False
Let z(s) = 16*s**3 + s**2 + s - 1. Is z(3) prime?
True
Let g(x) = 51*x + 10. Is g(5) composite?
True
Let x(y) be the second derivative of 19/12*y**4 - 3/2*y**2 + 1/2*y**3 - 3*y + 0. Is x(3) prime?
False
Let z(n) = -n - 9. Let h be z(-7). Let l be 32/14 - h/(-7). Suppose l*s + 2*s + 3*x - 16 = 0, 0 = 5*s + x - 31. Is s prime?
True
Let n = -188 - -673. Is n prime?
False
Let l(s) = 3*s**3 - 10*s**2 - 2 + 2 - 2*s**3. Let k be l(10). Suppose 5*n + 3*h = 304, -4*n + 2*h + 32 + 198 = k. Is n a composite number?
False
Suppose -2*f - 2*c + 119 = 3*f, 2*f + c = 48. Suppose -2*l - 32 = -8. Let j = f - l. Is j a composite number?
True
Let r = 4 + -3. Suppose z + r = 4. Suppose z*b + 2 = 23. Is b a prime number?
True
Suppose 3*j + 15 = 5*h - 2*j, 4*j = -3*h - 12. Let d be (0/(-3))/(-1) + 4. Suppose h = -d*m + w + 73, 3*m = 4*w + 6 + 39. Is m a prime number?
True
Let q(p) = p**2 - 2*p - 3. Let g = -4 + 7. Let n be q(g). Suppose n*o + 3*o - 57 = 0. Is o composite?
False
Is (2 - 3)/(10/(-790)) prime?
True
Suppose 75 = -7*b + 488. Is b a composite number?
False
Suppose -5 = -2*a + 1. Suppose -a*j + 0*j + 327 = 0. Is j composite?
False
Let q = 5 - 2. Let y = -3 - -6. Is 291*(y/q)/3 a composite number?
False
Let w(r) = 7*r - 3. Suppose 3*o - 3 = -0. Let x be (o/(-3))/(1/(-6)). Is w(x) prime?
True
Let k(j) be the first derivative of 2*j**3 - 1. Let g be k(3). Suppose 0 = x + 5*v - 13, 3*v = -4*x + 2*x + g. Is x a composite number?
True
Let n be (153/15 + 0)*5. L